late the highest common divisor of h and v.
12
Let g = -380 + 636. Calculate the highest common factor of g and 8.
8
Let o = -84 - -91. Suppose -o*m - 2*m = -45. Calculate the greatest common divisor of m and 35.
5
Suppose 3*s + 16 = 2*g, 12*s - 16 = -4*g + 14*s. What is the greatest common divisor of 27 and g?
1
Let h(g) = -2*g. Let j be h(-6). Suppose 5*n = 6*n + 10. Let k be (-2)/(-4)*(-80)/n + 0. Calculate the highest common factor of k and j.
4
Suppose 4*z - z + v = 51, 4*z - 68 = -3*v. Let r = 66 + -15. Calculate the highest common divisor of r and z.
17
Let i(a) = 3*a**2 - 15*a - 6. Let s be i(5). Let o(u) = -2*u**3 - 4*u**2 - 5*u - 21. Let b be o(s). What is the greatest common divisor of b and 27?
27
Let z be 264/72 + 129/9. What is the highest common factor of z and 150?
6
Let a(x) = x + 13. Let y(c) = c**3 + 4*c**2 - 6*c - 11. Let f be y(-5). Let l be a(f). Calculate the highest common factor of 63 and l.
7
Let d be 99 + 4*3/4. Let o = d - 26. Suppose 0 = 3*v + u - o, v + 2*u - 17 = -0*v. Calculate the greatest common divisor of v and 189.
27
Suppose -c = -3 - 3. Let f be 62/c - 6/(-9). Suppose 5*y - 185 = -5*a - 0*y, a - 6*y = 9. Calculate the greatest common factor of f and a.
11
Suppose 0 = 5*w - 301 - 269. Suppose -156*k = -149*k - 42. What is the greatest common divisor of k and w?
6
Let o(a) = -153*a**3 - 9*a**2 - 10*a. Let k be o(-1). What is the highest common divisor of 56 and k?
14
Suppose -5*o - 1667 = -d, -3*d + 6*o = 2*o - 5056. Calculate the greatest common factor of 36 and d.
36
Let s = 107 - 50. What is the highest common divisor of s and 19?
19
Let i(n) = -n**2 + 7*n - 5. Let g be i(5). Suppose 0 = t - g - 3. Let b be 4/(-16) + 34/t. Calculate the greatest common factor of 4 and b.
4
Let r be (1/(-4) - (-228)/144)*93. Calculate the highest common divisor of 93 and r.
31
Let q(m) be the first derivative of -4*m - 1/3*m**3 + 13/2*m**2 + 1. Let f be q(11). What is the highest common factor of 72 and f?
18
Suppose 24 = -9*r + 10*r. What is the highest common factor of 216 and r?
24
Let j be 13/(-130) - (-3)/(-30)*-661. Calculate the highest common factor of 6 and j.
6
Let q be ((-10)/(-7) + -2)/((-14)/833). Calculate the highest common divisor of q and 12.
2
Suppose 0*u + 3*u = 6, 4*w = -4*u + 4. Suppose -a = -h + 3*a + 14, -117 = -3*h - 3*a. Let o be (h + -1)*1 + w. What is the highest common factor of o and 256?
32
Let i(j) = 4*j**3 + 3*j**2 + 3*j - 8. Let z(q) = q**3 - 4*q + 2. Let x be z(-2). Let s be i(x). Calculate the highest common divisor of s and 21.
21
Let y(b) = b**2 + 1. Let m(c) = 15*c**3 - 5*c**2 - 6. Let q(t) = -m(t) - 6*y(t). Let o be q(-1). Calculate the highest common divisor of 98 and o.
14
Let u(f) = 6*f**2 - 18*f**2 - 7*f + 13*f**2. Let s be u(9). Suppose -4*j = 3*i - 6*i + 50, -4*j = i - 22. What is the highest common divisor of i and s?
18
Let t(k) = 6 - 9*k**2 - 2*k**3 - 3*k**3 + 2*k**3 + 2*k**3. Let r be -2*1 + 7/(-1). Let v be t(r). Calculate the highest common divisor of 48 and v.
6
Suppose 2*u + 4*w + 100 = 28, -3*u = 3*w + 93. Suppose 7*t - 110 = 18*t. Let z = t - u. Calculate the greatest common factor of z and 144.
16
Let h = 1228 - 1222. What is the greatest common divisor of h and 2?
2
Let r = -112 - -124. Let o(c) = c**3 + 4*c**2 + 4. Let s be o(-4). Calculate the highest common divisor of s and r.
4
Let b be (-3)/((-39)/5005) - -7. What is the highest common divisor of b and 70?
14
Let v be 34/(-8) - (-12)/(-16). Let n be 4/((-12)/15)*v. Let w be 335/n - 6/(-10). What is the greatest common factor of w and 35?
7
Let n(g) = -14*g + 7. Let i be n(-3). Let m = i - 43. Calculate the highest common factor of m and 42.
6
Let i be (-2)/9 + (-3530)/(-9). Suppose 0 = -5*u + 88 + i. Calculate the greatest common factor of 24 and u.
24
Let m(u) = 9*u**2 - u - 2. Suppose -5*d = -t + 4*t - 17, -22 = 2*t - 5*d. Let r be m(t). Calculate the highest common factor of r and 28.
4
Let n be (-2 + -108)*45/(-18). Suppose -n = -g - 81. Suppose 3*m - 482 = -g. What is the highest common factor of 12 and m?
12
Suppose 11*j = 9 + 13. Calculate the greatest common factor of 138 and j.
2
Suppose 0 = -3*f - p + 15, p = -2*f + 10 + 1. Let w be f/(-8)*-20 - 1. Suppose -4*d = -w*d + 125. What is the greatest common factor of d and 225?
25
Let v = -56 - -141. Suppose -3*i + i = 0. Suppose i = -4*x + 160 - 24. What is the highest common factor of v and x?
17
Let i be 5/((5 + -3)/2). Let x(c) = 6*c + 2. Let m be x(i). Let n be m - 1 - (-9 + 6). Calculate the greatest common divisor of n and 170.
34
Let k = 283 - 135. Calculate the highest common factor of 703 and k.
37
Suppose 0 = -2*x - 7 - 3, 2*t + 5*x = -31. Let m(q) = -5*q + 5. Let p be m(t). What is the highest common factor of p and 50?
10
Let c(m) = -m**3 + 23*m**2 - 22*m + 53. Let s be c(22). What is the highest common divisor of s and 53?
53
Let i = -1710 - -1721. What is the highest common factor of 209 and i?
11
Let m(f) = -27*f + 248. Let b be m(9). Calculate the highest common factor of b and 5.
5
Let i(g) = g**3 + 2*g**2 + 40. Let h be i(0). Let v be -2*(-45)/h*(-8)/(-6). What is the highest common factor of 12 and v?
3
Let f be (16 + -13)*(1 + 0)*8. Let d = f + -18. What is the highest common divisor of d and 8?
2
Let p be (-26793)/(-108) + -4*5/240. Calculate the highest common divisor of 434 and p.
62
Let r = 3 - -13. Suppose -13*n - 12 = -r*n. Calculate the greatest common factor of 36 and n.
4
Suppose 5*v - 7603 + 1868 = 0. Calculate the highest common divisor of 74 and v.
37
Let t be -2 + 4 + (-19 - (-41 + 14)). Suppose 15 = -4*a + 7*a. What is the highest common divisor of t and a?
5
Let q = 804 + -657. What is the highest common divisor of q and 42?
21
Suppose y = 4*i - 36 - 1, -3*i = -4*y - 31. Let h(c) = -c + 32. Let q be h(-13). Calculate the highest common factor of q and i.
9
Let r be (-4 + (-22)/(-1))*-1. Let s = r - -34. What is the greatest common factor of 4 and s?
4
Suppose 5*q + 62 = 2*g, 4*g - 110 = -0*q + 3*q. Suppose 19 = -3*m + 7. Let c be (-1000)/(-260) - m/g. Calculate the greatest common factor of 6 and c.
2
Let o = -177 - -607. Suppose -2*l + o - 110 = 0. Calculate the greatest common factor of l and 10.
10
Let f = -27 - -31. Let a(g) = g**2 - 3*g - 11. Let t be a(f). Let z = 20 + t. Calculate the greatest common divisor of z and 13.
13
Let f(q) = q**3 - 5*q**2 - 4*q + 2. Let v be f(6). Let x(j) = j**3 + 9*j**2 - 22*j + 14. Let z be x(-11). Calculate the highest common factor of v and z.
14
Suppose -65*t = 4*t - 3657. Calculate the highest common divisor of t and 159.
53
Suppose 6*k + 108 = -36. Let m = -4 - k. Let z(p) = -p**3 + 2*p**2 + 3*p. Let r be z(-5). Calculate the greatest common divisor of r and m.
20
Suppose 7 = -7*m + 231. Let w(b) = 2*b**3 + 4*b**2 - 2*b - 4. Let k be w(-5). Let i = m - k. What is the highest common divisor of i and 16?
16
Suppose -2*h = -2*f + 5*f - 16, -3*h = 5*f - 22. Let i be 22547/161 - 3/69. Calculate the greatest common factor of i and h.
14
Suppose 2 = -5*b + 7. Suppose 0 = 9*w - 1 - 17. Suppose -t + g = -1, -w*t + g = -6*t + 4. What is the highest common factor of t and b?
1
Suppose 0 = -3*n + 27*n - 912. Suppose 178 = 4*s - 886. Calculate the highest common divisor of s and n.
38
Let a = -527 + 833. Calculate the greatest common divisor of a and 54.
18
Let n(j) = 5*j**2 - 15*j - 62. Let p be n(-6). Suppose t = 28 - 2. Calculate the highest common factor of p and t.
26
Let g be 4/18 + 1484/(-36). Let o = g - -58. Suppose -547 = -4*x - f, -4*f + 2 + 690 = 5*x. Calculate the highest common factor of x and o.
17
Suppose -11*g + 6 = -8*g. Suppose 11 - 41 = -g*v. Calculate the highest common divisor of v and 150.
15
Let f = 38 - 17. Let p = -66 + 76. Let i be ((-150)/12)/(-5)*56/p. Calculate the highest common divisor of i and f.
7
Let y(t) = -t + 16. Let b be y(14). Suppose b*o + o = 30. Let x(w) = 2*w**3 + 18*w**2 + 7*w - 2. Let f be x(-8). What is the highest common factor of f and o?
10
Let c = -70 - -345. What is the highest common factor of c and 25?
25
Let r(o) = -o + 5. Let p be r(3). Suppose -q - 119 = -6*q - 2*n, p*q - 56 = 2*n. Let b = q - -95. What is the highest common factor of 30 and b?
30
Let s(h) = -3*h**2 - 98*h + 139. Let t be s(-33). Calculate the greatest common diviso